[INFO] cloning repository https://github.com/teovoinea/opv
[INFO] running `Command { std: "git" "-c" "credential.helper=" "-c" "credential.helper=/workspace/cargo-home/bin/git-credential-null" "clone" "--bare" "https://github.com/teovoinea/opv" "/workspace/cache/git-repos/https%3A%2F%2Fgithub.com%2Fteovoinea%2Fopv", kill_on_drop: false }`
[INFO] [stderr] Cloning into bare repository '/workspace/cache/git-repos/https%3A%2F%2Fgithub.com%2Fteovoinea%2Fopv'...
[INFO] running `Command { std: "git" "rev-parse" "HEAD", kill_on_drop: false }`
[INFO] [stdout] 878026c2099972b352926b3d357d4e041ef458cd
[INFO] checking teovoinea/opv against master#cfbc6d4cf1acbac5c025acf8ed68929caa551df3 for pr-75494-beta
[INFO] running `Command { std: "git" "clone" "/workspace/cache/git-repos/https%3A%2F%2Fgithub.com%2Fteovoinea%2Fopv" "/workspace/builds/worker-6/source", kill_on_drop: false }`
[INFO] [stderr] Cloning into '/workspace/builds/worker-6/source'...
[INFO] [stderr] done.
[INFO] validating manifest of git repo https://github.com/teovoinea/opv on toolchain cfbc6d4cf1acbac5c025acf8ed68929caa551df3
[INFO] running `Command { std: "/workspace/cargo-home/bin/cargo" "+cfbc6d4cf1acbac5c025acf8ed68929caa551df3" "read-manifest" "--manifest-path" "Cargo.toml", kill_on_drop: false }`
[INFO] started tweaking git repo https://github.com/teovoinea/opv
[INFO] finished tweaking git repo https://github.com/teovoinea/opv
[INFO] tweaked toml for git repo https://github.com/teovoinea/opv written to /workspace/builds/worker-6/source/Cargo.toml
[INFO] crate git repo https://github.com/teovoinea/opv already has a lockfile, it will not be regenerated
[INFO] running `Command { std: "/workspace/cargo-home/bin/cargo" "+cfbc6d4cf1acbac5c025acf8ed68929caa551df3" "fetch" "--locked" "--manifest-path" "Cargo.toml", kill_on_drop: false }`
[INFO] [stderr]  Downloading crates ...
[INFO] [stderr]   Downloaded escapi v3.0.5
[INFO] [stderr]   Downloaded rscam v0.5.3
[INFO] [stderr]   Downloaded piston-texture v0.7.0
[INFO] [stderr]   Downloaded stun v0.0.2
[INFO] [stderr]   Downloaded camera_capture v0.4.0
[INFO] running `Command { std: "docker" "create" "-v" "/var/lib/crater-agent-workspace/builds/worker-6/target:/opt/rustwide/target:rw,Z" "-v" "/var/lib/crater-agent-workspace/builds/worker-6/source:/opt/rustwide/workdir:ro,Z" "-v" "/var/lib/crater-agent-workspace/cargo-home:/opt/rustwide/cargo-home:ro,Z" "-v" "/var/lib/crater-agent-workspace/rustup-home:/opt/rustwide/rustup-home:ro,Z" "-e" "SOURCE_DIR=/opt/rustwide/workdir" "-e" "CARGO_TARGET_DIR=/opt/rustwide/target" "-e" "CARGO_HOME=/opt/rustwide/cargo-home" "-e" "RUSTUP_HOME=/opt/rustwide/rustup-home" "-w" "/opt/rustwide/workdir" "-m" "1610612736" "--user" "0:0" "--network" "none" "rustops/crates-build-env@sha256:a636fd89d022f18117e1dc8fb37a0a009933cdbbe082814857f0e2024962d47c" "/opt/rustwide/cargo-home/bin/cargo" "+cfbc6d4cf1acbac5c025acf8ed68929caa551df3" "metadata" "--no-deps" "--format-version=1", kill_on_drop: false }`
[INFO] [stdout] 2547a8654f6ef23c83a569753ce510fb998df1615a71e9382a00d531ffa590b1
[INFO] [stderr] WARNING: Your kernel does not support swap limit capabilities or the cgroup is not mounted. Memory limited without swap.
[INFO] running `Command { std: "docker" "start" "-a" "2547a8654f6ef23c83a569753ce510fb998df1615a71e9382a00d531ffa590b1", kill_on_drop: false }`
[INFO] running `Command { std: "docker" "inspect" "2547a8654f6ef23c83a569753ce510fb998df1615a71e9382a00d531ffa590b1", kill_on_drop: false }`
[INFO] running `Command { std: "docker" "rm" "-f" "2547a8654f6ef23c83a569753ce510fb998df1615a71e9382a00d531ffa590b1", kill_on_drop: false }`
[INFO] [stdout] 2547a8654f6ef23c83a569753ce510fb998df1615a71e9382a00d531ffa590b1
[INFO] running `Command { std: "docker" "create" "-v" "/var/lib/crater-agent-workspace/builds/worker-6/target:/opt/rustwide/target:rw,Z" "-v" "/var/lib/crater-agent-workspace/builds/worker-6/source:/opt/rustwide/workdir:ro,Z" "-v" "/var/lib/crater-agent-workspace/cargo-home:/opt/rustwide/cargo-home:ro,Z" "-v" "/var/lib/crater-agent-workspace/rustup-home:/opt/rustwide/rustup-home:ro,Z" "-e" "SOURCE_DIR=/opt/rustwide/workdir" "-e" "CARGO_TARGET_DIR=/opt/rustwide/target" "-e" "CARGO_INCREMENTAL=0" "-e" "RUST_BACKTRACE=full" "-e" "RUSTFLAGS=--cap-lints=forbid" "-e" "CARGO_HOME=/opt/rustwide/cargo-home" "-e" "RUSTUP_HOME=/opt/rustwide/rustup-home" "-w" "/opt/rustwide/workdir" "-m" "1610612736" "--user" "0:0" "--network" "none" "rustops/crates-build-env@sha256:a636fd89d022f18117e1dc8fb37a0a009933cdbbe082814857f0e2024962d47c" "/opt/rustwide/cargo-home/bin/cargo" "+cfbc6d4cf1acbac5c025acf8ed68929caa551df3" "check" "--frozen" "--all" "--all-targets" "--message-format=json", kill_on_drop: false }`
[INFO] [stdout] 3e918f28c9bdd7d9df3a5b39d6eb37324a3c29002f8d930609bbfacba846c8f2
[INFO] [stderr] WARNING: Your kernel does not support swap limit capabilities or the cgroup is not mounted. Memory limited without swap.
[INFO] running `Command { std: "docker" "start" "-a" "3e918f28c9bdd7d9df3a5b39d6eb37324a3c29002f8d930609bbfacba846c8f2", kill_on_drop: false }`
[INFO] [stderr]     Checking libc v0.2.43
[INFO] [stderr]    Compiling bitflags v0.9.1
[INFO] [stderr]    Compiling log v0.3.8
[INFO] [stderr]     Checking lazy_static v0.2.11
[INFO] [stderr]    Compiling siphasher v0.2.2
[INFO] [stderr]    Compiling serde v0.9.15
[INFO] [stderr]    Compiling dtoa v0.4.2
[INFO] [stderr]    Compiling itoa v0.3.4
[INFO] [stderr]    Compiling pkg-config v0.3.9
[INFO] [stderr]    Compiling khronos_api v1.0.1
[INFO] [stderr]    Compiling proc-macro2 v0.4.13
[INFO] [stderr]    Compiling winapi-build v0.1.1
[INFO] [stderr]    Compiling unicode-xid v0.1.0
[INFO] [stderr]     Checking piston-float v0.3.0
[INFO] [stderr]    Compiling term v0.4.6
[INFO] [stderr]    Compiling void v1.0.2
[INFO] [stderr]    Compiling bitflags v0.5.0
[INFO] [stderr]    Compiling unicode-xid v0.0.4
[INFO] [stderr]    Compiling quote v0.3.15
[INFO] [stderr]    Compiling either v1.3.0
[INFO] [stderr]     Checking winapi v0.2.8
[INFO] [stderr]    Compiling utf8-ranges v1.0.0
[INFO] [stderr]     Checking adler32 v1.0.2
[INFO] [stderr]    Compiling regex-syntax v0.4.2
[INFO] [stderr]     Checking lzw v0.10.0
[INFO] [stderr]     Checking shader_version v0.2.2
[INFO] [stderr]     Checking bitflags v0.7.0
[INFO] [stderr]     Checking pnet_base v0.22.0
[INFO] [stderr]    Compiling glob v0.2.11
[INFO] [stderr]     Checking linked-hash-map v0.5.0
[INFO] [stderr]     Checking piston-shaders_graphics2d v0.3.1
[INFO] [stderr]    Compiling pnet v0.22.0
[INFO] [stderr]     Checking ansi_term v0.11.0
[INFO] [stderr]     Checking bitflags v1.0.1
[INFO] [stderr]     Checking vec_map v0.8.0
[INFO] [stderr]     Checking strsim v0.8.0
[INFO] [stderr]     Checking piston-texture v0.7.0
[INFO] [stderr]    Compiling syntex_pos v0.42.0
[INFO] [stderr]    Compiling xml-rs v0.6.1
[INFO] [stderr]     Checking piston-viewport v0.3.0
[INFO] [stderr]     Checking vecmath v0.3.1
[INFO] [stderr]    Compiling phf_shared v0.7.21
[INFO] [stderr]    Compiling unreachable v1.0.0
[INFO] [stderr]     Checking draw_state v0.7.1
[INFO] [stderr]    Compiling kernel32-sys v0.2.2
[INFO] [stderr]    Compiling itertools v0.5.10
[INFO] [stderr]     Checking deflate v0.7.17
[INFO] [stderr]     Checking nodrop v0.1.10
[INFO] [stderr]     Checking stb_truetype v0.2.1
[INFO] [stderr]     Checking textwrap v0.11.0
[INFO] [stderr]     Checking gif v0.9.2
[INFO] [stderr]     Checking pnet_macros_support v0.22.0
[INFO] [stderr]    Compiling syn v0.10.8
[INFO] [stderr]     Checking num-rational v0.1.39
[INFO] [stderr]    Compiling rand v0.3.17
[INFO] [stderr]    Compiling memchr v2.0.1
[INFO] [stderr]     Checking num_cpus v1.7.0
[INFO] [stderr]     Checking shared_library v0.1.7
[INFO] [stderr]     Checking pnet_sys v0.22.0
[INFO] [stderr]     Checking atty v0.2.6
[INFO] [stderr]     Checking rscam v0.5.3
[INFO] [stderr]    Compiling thread_local v0.3.5
[INFO] [stderr]    Compiling phf v0.7.21
[INFO] [stderr]     Checking arrayvec v0.4.3
[INFO] [stderr]     Checking num v0.1.40
[INFO] [stderr]    Compiling x11-dl v2.16.0
[INFO] [stderr]    Compiling portaudio v0.7.0
[INFO] [stderr]    Compiling camera_capture v0.4.0
[INFO] [stderr]     Checking ipnetwork v0.14.0
[INFO] [stderr]     Checking bincode v0.9.2
[INFO] [stderr]    Compiling syntex_errors v0.42.0
[INFO] [stderr]     Checking piston2d-graphics v0.21.1
[INFO] [stderr]    Compiling aho-corasick v0.6.4
[INFO] [stderr]     Checking osmesa-sys v0.1.2
[INFO] [stderr]     Checking clap v2.33.0
[INFO] [stderr]     Checking png v0.9.0
[INFO] [stderr]     Checking rusttype v0.2.3
[INFO] [stderr]    Compiling gl_generator v0.5.5
[INFO] [stderr]    Compiling wayland-scanner v0.9.10
[INFO] [stderr]    Compiling quote v0.6.8
[INFO] [stderr] error: failed to run custom build command for `camera_capture v0.4.0`
[INFO] [stderr] 
[INFO] [stderr] Caused by:
[INFO] [stderr]   process didn't exit successfully: `/opt/rustwide/target/debug/build/camera_capture-da8dfaa5d4bf8f08/build-script-build` (exit code: 101)
[INFO] [stderr]   --- stdout
[INFO] [stderr]   cargo:rerun-if-changed=Cargo.toml
[INFO] [stderr] 
[INFO] [stderr]   --- stderr
[INFO] [stderr]   thread 'main' panicked at 'library `v4l2` not found: Failure { command: "\"pkg-config\" \"--static\" \"--libs\" \"--cflags\" \"libv4l2\"", output: Output { status: ExitStatus(ExitStatus(256)), stdout: "", stderr: "Package libv4l2 was not found in the pkg-config search path.\nPerhaps you should add the directory containing `libv4l2.pc\'\nto the PKG_CONFIG_PATH environment variable\nNo package \'libv4l2\' found\n" } }', /opt/rustwide/cargo-home/registry/src/github.com-1ecc6299db9ec823/camera_capture-0.4.0/build.rs:6:65
[INFO] [stderr]   stack backtrace:
[INFO] [stderr]      0:     0x5652861336f5 - backtrace::backtrace::libunwind::trace::h5e2646fa3eddf2ea
[INFO] [stderr]                                  at /cargo/registry/src/github.com-1ecc6299db9ec823/backtrace-0.3.46/src/backtrace/libunwind.rs:86
[INFO] [stderr]      1:     0x5652861336f5 - backtrace::backtrace::trace_unsynchronized::hb95dd7f77ce47877
[INFO] [stderr]                                  at /cargo/registry/src/github.com-1ecc6299db9ec823/backtrace-0.3.46/src/backtrace/mod.rs:66
[INFO] [stderr]      2:     0x5652861336f5 - std::sys_common::backtrace::_print_fmt::h5e71b67af43fd70d
[INFO] [stderr]                                  at src/libstd/sys_common/backtrace.rs:78
[INFO] [stderr]      3:     0x5652861336f5 - <std::sys_common::backtrace::_print::DisplayBacktrace as core::fmt::Display>::fmt::hdb4a83d2b61107e5
[INFO] [stderr]                                  at src/libstd/sys_common/backtrace.rs:59
[INFO] [stderr]      4:     0x565286155efc - core::fmt::write::ha20e7262fa3e8a7a
[INFO] [stderr]                                  at src/libcore/fmt/mod.rs:1076
[INFO] [stderr]      5:     0x565286130c52 - std::io::Write::write_fmt::h1aebfe8a5a79e36d
[INFO] [stderr]                                  at src/libstd/io/mod.rs:1537
[INFO] [stderr]      6:     0x565286135be0 - std::sys_common::backtrace::_print::h9c07314cc66ba539
[INFO] [stderr]                                  at src/libstd/sys_common/backtrace.rs:62
[INFO] [stderr]      7:     0x565286135be0 - std::sys_common::backtrace::print::hd1fd65f49a2d8544
[INFO] [stderr]                                  at src/libstd/sys_common/backtrace.rs:49
[INFO] [stderr]      8:     0x565286135be0 - std::panicking::default_hook::{{closure}}::h222da46485ab36fc
[INFO] [stderr]                                  at src/libstd/panicking.rs:198
[INFO] [stderr]      9:     0x56528613592c - std::panicking::default_hook::hc5868949d129ed00
[INFO] [stderr]                                  at src/libstd/panicking.rs:217
[INFO] [stderr]     10:     0x565286136223 - std::panicking::rust_panic_with_hook::h26a6ab8b0993c0c8
[INFO] [stderr]                                  at src/libstd/panicking.rs:526
[INFO] [stderr]     11:     0x565286135e1b - rust_begin_unwind
[INFO] [stderr]                                  at src/libstd/panicking.rs:437
[INFO] [stderr]     12:     0x565286155301 - core::panicking::panic_fmt::h17139c2000299725
[INFO] [stderr]                                  at src/libcore/panicking.rs:85
[INFO] [stderr]     13:     0x565286155123 - core::option::expect_none_failed::h972f96abb4ec8952
[INFO] [stderr]                                  at src/libcore/option.rs:1269
[INFO] [stderr]     14:     0x56528610d3e4 - core::result::Result<T,E>::expect::hd355aaf3ea7ee06e
[INFO] [stderr]                                  at /rustc/cfbc6d4cf1acbac5c025acf8ed68929caa551df3/src/libcore/result.rs:963
[INFO] [stderr]     15:     0x56528610d695 - build_script_build::main::h5f99f0dece5be21f
[INFO] [stderr]                                  at /opt/rustwide/cargo-home/registry/src/github.com-1ecc6299db9ec823/camera_capture-0.4.0/build.rs:6
[INFO] [stderr]     16:     0x56528610d78b - std::rt::lang_start::{{closure}}::h4cf69d21c0fcf88c
[INFO] [stderr]                                  at /rustc/cfbc6d4cf1acbac5c025acf8ed68929caa551df3/src/libstd/rt.rs:67
[INFO] [stderr]     17:     0x5652861365f3 - std::rt::lang_start_internal::{{closure}}::h84a998219831fa70
[INFO] [stderr]                                  at src/libstd/rt.rs:52
[INFO] [stderr]     18:     0x5652861365f3 - std::panicking::try::do_call::he8e1d689a3e26def
[INFO] [stderr]                                  at src/libstd/panicking.rs:348
[INFO] [stderr]     19:     0x5652861365f3 - std::panicking::try::h264b6eebc2fa7bbf
[INFO] [stderr]                                  at src/libstd/panicking.rs:325
[INFO] [stderr]     20:     0x5652861365f3 - std::panic::catch_unwind::hbf28fafa723b2128
[INFO] [stderr]                                  at src/libstd/panic.rs:394
[INFO] [stderr]     21:     0x5652861365f3 - std::rt::lang_start_internal::he959aa59bc3ec202
[INFO] [stderr]                                  at src/libstd/rt.rs:51
[INFO] [stderr]     22:     0x56528610d767 - std::rt::lang_start::hf49bce503d11dd29
[INFO] [stderr]                                  at /rustc/cfbc6d4cf1acbac5c025acf8ed68929caa551df3/src/libstd/rt.rs:67
[INFO] [stderr]     23:     0x56528610d71a - main
[INFO] [stderr]     24:     0x7f5c4b8a80b3 - __libc_start_main
[INFO] [stderr]     25:     0x56528610d18e - _start
[INFO] [stderr]     26:                0x0 - <unknown>
[INFO] [stderr] warning: build failed, waiting for other jobs to finish...
[INFO] [stdout] error[E0311]: the parameter type `K` may not live long enough
[INFO] [stdout]    --> /opt/rustwide/cargo-home/registry/src/github.com-1ecc6299db9ec823/rusttype-0.2.3/src/support/bst/map.rs:81:19
[INFO] [stdout]     |
[INFO] [stdout] 81  |             match node.force() {
[INFO] [stdout]     |                   ^^^^
[INFO] [stdout]     |
[INFO] [stdout] note: the parameter type `K` must be valid for the anonymous lifetime #1 defined on the function body at 77:9...
[INFO] [stdout]    --> /opt/rustwide/cargo-home/registry/src/github.com-1ecc6299db9ec823/rusttype-0.2.3/src/support/bst/map.rs:77:9
[INFO] [stdout]     |
[INFO] [stdout] 77  | /         fn clone_subtree<K: Clone, V: Clone>(
[INFO] [stdout] 78  | |                 node: node::NodeRef<marker::Immut, K, V, marker::LeafOrInternal>)
[INFO] [stdout] 79  | |                 -> BTreeMap<K, V> {
[INFO] [stdout] 80  | |
[INFO] [stdout] ...   |
[INFO] [stdout] 136 | |             }
[INFO] [stdout] 137 | |         }
[INFO] [stdout]     | |_________^
[INFO] [stdout] 
[INFO] [stdout] 
[INFO] [stdout] error[E0311]: the parameter type `V` may not live long enough
[INFO] [stdout]    --> /opt/rustwide/cargo-home/registry/src/github.com-1ecc6299db9ec823/rusttype-0.2.3/src/support/bst/map.rs:81:19
[INFO] [stdout]     |
[INFO] [stdout] 81  |             match node.force() {
[INFO] [stdout]     |                   ^^^^
[INFO] [stdout]     |
[INFO] [stdout] note: the parameter type `V` must be valid for the anonymous lifetime #1 defined on the function body at 77:9...
[INFO] [stdout]    --> /opt/rustwide/cargo-home/registry/src/github.com-1ecc6299db9ec823/rusttype-0.2.3/src/support/bst/map.rs:77:9
[INFO] [stdout]     |
[INFO] [stdout] 77  | /         fn clone_subtree<K: Clone, V: Clone>(
[INFO] [stdout] 78  | |                 node: node::NodeRef<marker::Immut, K, V, marker::LeafOrInternal>)
[INFO] [stdout] 79  | |                 -> BTreeMap<K, V> {
[INFO] [stdout] 80  | |
[INFO] [stdout] ...   |
[INFO] [stdout] 136 | |             }
[INFO] [stdout] 137 | |         }
[INFO] [stdout]     | |_________^
[INFO] [stdout] 
[INFO] [stdout] 
[INFO] [stdout] error: aborting due to 2 previous errors
[INFO] [stdout] 
[INFO] [stdout] 
[INFO] [stderr] error: build failed
[INFO] running `Command { std: "docker" "inspect" "3e918f28c9bdd7d9df3a5b39d6eb37324a3c29002f8d930609bbfacba846c8f2", kill_on_drop: false }`
[INFO] running `Command { std: "docker" "rm" "-f" "3e918f28c9bdd7d9df3a5b39d6eb37324a3c29002f8d930609bbfacba846c8f2", kill_on_drop: false }`
[INFO] [stdout] 3e918f28c9bdd7d9df3a5b39d6eb37324a3c29002f8d930609bbfacba846c8f2
